22211112
In base 2, what is -11000000000111100011 - 11?
-11000000000111100110
In base 4, what is -2301132 + -102012?
-3003210
In base 7, what is -15240505 + -125?
-15240633
In base 5, what is -33401 + -13203?
-102104
In base 13, what is 5 - 283bbc97?
-283bbc92
In base 11, what is 1a + 168773a?
1687759
In base 12, what is 967a7 - 3ba?
963a9
In base 5, what is 211310 - 3022002?
-2310142
In base 9, what is 3 - 15648543?
-15648540
In base 3, what is -1002120110222202 - 1011?
-1002120111000220
In base 11, what is -1 - -1a7099?
1a7098
In base 11, what is 3830a04 + -11?
38309a3
In base 4, what is 131030 + -102031?
22333
In base 10, what is -25 - -870167?
870142
In base 14, what is -8 + 14ab59a?
14ab592
In base 10, what is -140 + 352615?
352475
In base 2, what is 100 - -1010001011100001111011001?
1010001011100001111011101
In base 12, what is 6771 + -5b8?
6175
In base 13, what is -13b9 - 236c6?
-24ab2
In base 4, what is 1031221 - -3012123?
10110010
In base 14, what is 3 - -15a063dc?
15a06401
In base 9, what is -8168471 - 420?
-8170001
In base 16, what is a21245 - -8?
a2124d
In base 16, what is 5 - -16d73c0?
16d73c5
In base 8, what is -17500 - 26573?
-46273
In base 4, what is -3131 - -10031303122?
10031233331
In base 3, what is 220201002121100 - -11?
220201002121111
In base 15, what is -31 + -3426c?
-3429d
In base 8, what is -4 - -25763554?
25763550
In base 5, what is -10 + -2323214441?
-2323220001
In base 14, what is 6 - -2163db8?
2163dc0
In base 12, what is -90403b + -7?
-904046
In base 2, what is -10011001000101 + -10111011?
-10011100000000
In base 12, what is 1 - -1936711?
1936712
In base 15, what is -28 + -1c72a4?
-1c72cc
In base 3, what is 20211021020210 + 2122?
20211021100102
In base 4, what is 301 - 1002111023201?
-1002111022300
In base 6, what is 31450120112 + 5?
31450120121
In base 14, what is -62c78 - -8?
-62c70
In base 3, what is -1120101 - -2110212?
220111
In base 13, what is -bac89 + 10?
-bac79
In base 15, what is 4c4502 + c?
4c450e
In base 10, what is -4736 - -57333?
52597
In base 12, what is -650b8ab + -b?
-650b8ba
In base 11, what is -97 + 1915665?
1915579
In base 11, what is -2a248 - 2067?
-31304
In base 14, what is -d6d2d0 + -3?
-d6d2d3
In base 6, what is -5220431 - 13343?
-5234214
In base 10, what is -3 + -29962083?
-29962086
In base 7, what is 4 - -125321105?
125321112
In base 11, what is -5 + -48999a6?
-4899a00
In base 13, what is -17898 + 71?
-17827
In base 8, what is -610 - -60147?
57337
In base 11, what is -17 + -262a227?
-262a243
In base 14, what is 10 + b3b0b43?
b3b0b53
In base 14, what is 8134 + -161?
7db3
In base 9, what is -4634006 + -22?
-4634028
In base 2, what is -10110 + -1000110110011100110101?
-1000110110011101001011
In base 3, what is 10 + -10021120011201?
-10021120011121
In base 8, what is -6 - -625413601?
625413573
In base 9, what is -15382 + -1837?
-17330
In base 15, what is 1b - -7870e?
7872a
In base 9, what is 1170568 + -875?
1168583
In base 11, what is -598a6088 - -4?
-598a6084
In base 5, what is -2042233 + -122241?
-2220024
In base 11, what is -14743 + -a48?
-15690
In base 9, what is 30 + 1817606?
1817636
In base 2, what is 111010100100 + 100010000011101000?
100010111110001100
In base 15, what is 6 + -6d64b1?
-6d64aa
In base 2, what is 1011 + -110111000000010000110001?
-110111000000010000100110
In base 7, what is 30323 + -44505?
-14152
In base 6, what is -25130433414 - -5?
-25130433405
In base 4, what is 1131 - -12133110211?
12133112002
In base 11, what is -32 + -4602a27?
-4602a59
In base 16, what is -77 - -17155?
170de
In base 8, what is -2212526 + -1512?
-2214240
In base 6, what is -12434 + -232224?
-245102
In base 9, what is 22861236 - 8?
22861227
In base 16, what is -8b5a409 + -2?
-8b5a40b
In base 5, what is -330310323 + 4?
-330310314
In base 12, what is -21279 - -19b?
-2109a
In base 6, what is 11115140 - -2002?
11121142
In base 14, what is -bb15 - bbb?
-c8d2
In base 6, what is 43232 - 22043?
21145
In base 3, what is 102120 + -2011200221?
-2011021101
In base 16, what is e + -18e9f15?
-18e9f07
In base 16, what is 7c9 - -35?
7fe
In base 12, what is 223 - -2842b?
28652
In base 6, what is -2022504 + -2053?
-2025001
In base 7, what is 123440 - 400?
123040
In base 15, what is 156 - 176821?
-1766ba
In base 15, what is 2a61 - -224e?
4cb0
In base 10, what is 2273 + 4657?
6930
In base 16, what is 12bb187 + 3?
12bb18a
In base 10, what is 2 - -18720079?
18720081
In base 8, what is -2101542 - 11?
-2101553
In base 13, what is 722 - -308c6?
31318
In base 2, what is -1110 + -101001011111100001110?
-101001011111100011100
In base 9, what is -1482 - 346?
-1838
In base 11, what is 31790 + 44?
31824
In base 16, what is -a57d + -3c?
-a5b9
In base 6, what is 2 + -553202140?
-553202134
In base 14, what is -1 - 86713?
-86714
In base 16, what is 4 + -1a41d48?
-1a41d44
In base 8, what is -435 + 473554?
473117
In base 7, what is -330620 - 312?
-331232
In base 11, what is -80064272 - -1?
-80064271
In base 10, what is 1320 - 77820?
-76500
In base 11, what is -1271 + 5944?
4683
In base 9, what is -54482231 + -1?
-54482232
In base 3, what is -1220 - 2002100212211?
-2002100221201
In base 4, what is 1330230101 + -30?
1330230011
In base 14, what is 3d6816 - b?
3d6809
In base 7, what is 24 + 11466552?
11466606
In base 10, what is 55 - -61806?
61861
In base 7, what is 111 + -1120031?
-1116620
In base 8, what is -3300757 + 7?
-3300750
In base 3, what is -110 + 2111101201202210?
2111101201202100
In base 4, what is 2321223203103 - -2?
2321223203111
In base 9, what is 4244406 + -8?
4244387
In base 13, what is -152 - a831?
-a983
In base 12, what is -1a8 - 99402?
-995aa
In base 6, what is -40412 + -15320?
-100132
In base 14, what is 1b - b98125?
-b98108
In base 11, what is 24455539 - -4?
24455542
In base 15, what is 0 - e4a00?
-e4a00
In base 10, what is 1806179 + -2?
1806177
In base 3, what is 1002 - 12120022122101?
-12120022121022
In base 11, what is -1184613 + -2?
-1184615
In base 6, what is -20 + -2340435?
-2340455
In base 15, what is 2285 + -13a?
214a
In base 11, what is -19933 - 354a?
-22382
In base 7, what is -143156545 + -16?
-143156564
In base 2, what is -10100001110 + -1010011001010000?
-1010101101011110
In base 8, what is -2 + -1714224?
-1714226
In base 5, what is -1231433423 + -3?
-1231433431
In base 15, what is bca1 - b4?
bbdc
In base 14, what is -26 + 418528c?
4185266
In base 15, what is -5 + d2355e0?
d2355da
In base 6, what is -1400 - 3220421?
-3222221
In base 4, what is -203213102233 + 3?
-203213102230
In base 10, what is -1270285 - 63?
-1270348
In base 3, what is 12 + -1221002?
-1220220
In base 9, what is -30412212 + -1?
-30412213
In base 15, what is 105c45a4 + 2?
105c45a6
In base 15, what is 3a63560 - -4?
3a63564
In base 10, what is 76125 - 75?
76050
In base 10, what is 249 - -260154?
260403
In base 13, what is 51 + 467a50?
467aa1
In base 11, what is 5 - -55664675?
5566467a
In base 15, what is -7886696 - -2?
-7886694
In base 10, what is -1000 - 748841?
-749841
In base 13, what is -12 + -3aa5a25?
-3aa5a37
In base 16, what is 2d4d - -89?
2dd6
In base 14, what is -14aaa + -44?
-14b10
In base 4, what is -31013 - 212122?
-303201
In base 11, what is 14287a18 + 2?
14287a1a
In base 4, what is -1 + 133113011132?
133113011131
In base 11, what is -8a - 735a4?
-73683
In base 11, what is -6 - 2782505?
-2782510
In base 8, what is -4021 - -40741?
34720
In base 13, what is -413c + 153?
-3cb9
In base 15, what is 8 + 16ee78?
16ee81
In base 11, what is -19a355 + 449?
-199a07
In base 4, what is 10 + -1333001122223?
-1333001122213
In base 15, what is b - 6865?
-6859
In base 12, what is 2 - -a607911?
a607913
In base 2, what is 1110111111011011 + 10101010000?
1111010100101011
In base 14, what is -15cc3d7 + 23?
-15cc3b4
In base 13, what is -11895b - -9?
-118952
In base 12, what is -2b0458 + 66?
-2b03b2
In base 9, what is 7057 - -16006?
24064
In base 9, what is 5182507 - 4?
5182503
In base 6, what is 1455154 - -2510?
1502104
In base 5, what is -30420010 + 1131?
-30413324
In base 16, what is -14c6c + 3e1?
-1488b
In base 14, what is 5 - -1dd850?
1dd855
In base 12, what is -4 - -3694aa7?
3694aa3
In base 6, what is 12 - 13012023?
-13012011
In base 7, what is -10211406 + -1406?
-10213115
In base 16, what is -2 + -9c111f3?
-9c111f5
In base 6, what is -521 +